t the prime factors of j.
53
Suppose -4*a + 6117 = -155. What are the prime factors of a?
2, 7
List the prime factors of 0/(-2) + (3 - 1) + 341.
7
Suppose 4 = 4*z + 12, -2*z = -4*r + 192. List the prime factors of r.
47
Suppose i + 4*m - 6*m = 318, 5*i - 3*m - 1562 = 0. Suppose t - 2*t - 69 = -h, -i = -5*h - 2*t. What are the prime factors of h?
2
Let l be (-4)/(-3) - 2/(-3). Let g(f) = -4*f - 110. Let d be g(-27). List the prime factors of (d/l - 57)/(-2).
29
Let x(j) = -91*j - 70. What are the prime factors of x(-10)?
2, 3, 5, 7
Suppose -29*w - 20 = -31*w. List the prime factors of (0 - 32/10)/(w/(-25)).
2
Let w = 14 + -14. Let q be w*4*2/16. Suppose q*z - 4*z = -48. What are the prime factors of z?
2, 3
Suppose 0 = -2*a + 10, -3*r - 2*r - 2*a = -385. Suppose -5*v + 8*v - r = 0. What are the prime factors of v?
5
Suppose 3*u - 2 = -11. Let k be u + 9/(-1 - -2). Let n(p) = p**3 - 5*p**2 + 2*p + 10. What are the prime factors of n(k)?
2, 29
Let q(k) = 2*k**3 - 3*k**2 - 4*k. Let t be q(3). Let f = t + -15. Suppose 5*x = 5*u - 145, 4*u - 111 = -f*u + 5*x. List the prime factors of u.
2, 17
Let l = -21 + 24. Let i(d) = 34*d**2 + d + l*d**2 - 2*d. What are the prime factors of i(1)?
2, 3
Let f be (1 - 3)/(6/(-39)). Suppose m + 3*m = 4*v - 16, 3*m + f = 4*v. List the prime factors of 2 + (11 - 2/v).
11
Suppose 55*d - 56*d + 597 = 0. What are the prime factors of d?
3, 199
Suppose 15970 - 1230 = 10*r. Suppose -8*g = -4*g - 4*h - 1184, 5*g + h - r = 0. List the prime factors of g.
5, 59
Let j be (-4)/(-10) - 14/10. Let l be j/3*(-14 + 17). Let b(d) = 54*d**2 - 1. List the prime factors of b(l).
53
Let x(n) = 49*n**2 + 15*n + 47. Let d(m) = 16*m**2 + 5*m + 16. Let u(k) = -8*d(k) + 3*x(k). List the prime factors of u(-4).
3, 11
Let t be (-7)/(-2)*(-8)/(-14). Let v = -14 + t. List the prime factors of (-6)/v - (-59)/2.
2, 3, 5
Let q = 957 + -479. What are the prime factors of q?
2, 239
Let w = -668 - -1376. List the prime factors of w.
2, 3, 59
Let f(a) = a - 6. Let m be f(8). Suppose 0 = -4*y + o + 11 + 42, y = -m*o + 11. List the prime factors of y.
13
Suppose 4*w - 9112 = -3*n, 3*n - 7302 = 3*w + 1782. List the prime factors of n.
2, 379
Let m = -45 - -55. Suppose -m*t = -4*t - 690. What are the prime factors of t?
5, 23
Suppose 4*g = -4, 4*q = -4*g + g + 221. Let n be (3*-1)/3*37. Let d = q + n. List the prime factors of d.
19
Let k(v) = 7*v - 22*v - 4 + 7*v. List the prime factors of k(-3).
2, 5
Let a(x) = 81*x**2 - 26*x - 21. What are the prime factors of a(-5)?
2, 11, 97
Suppose -b + 3*b = 4*h - 6102, b + 4578 = 3*h. What are the prime factors of h?
3, 509
What are the prime factors of (-202)/(-16)*-2*(-36 - -16)?
5, 101
Let f(m) = -m + 32. Let j be f(15). Suppose 0 = a - j - 16. List the prime factors of a.
3, 11
Suppose -3*t - 2141 = -v, -4*v - 8554 = -8*v + 2*t. List the prime factors of v.
2, 1069
Let p = 3294 + 2262. What are the prime factors of p?
2, 3, 463
Let i(x) = x**3 - 10*x**2 + 9*x + 11. Let z be i(10). Let m = z - 36. Let g = -37 + m. List the prime factors of g.
2, 7
Let v(i) = -27*i + 41. Let p be v(-7). Let h = p + -102. What are the prime factors of h?
2
Suppose 0 = -4*a - 183 + 3. Let i be a/(-2)*24/30. List the prime factors of i/12*(-68)/(-6).
17
Let z be (-1724)/(-8) - 3/(-2). Suppose z = p - 3*b, 3*p - b + 217 = 4*p. List the prime factors of p.
7, 31
Let b(o) = o - 5. Let w be b(9). Suppose -8 = 5*v - f + 11, 0 = -f + 4. What are the prime factors of (v + w)*23 + 1?
2, 3
Let w(n) = n**2 + 1. Let v be (-15)/9 - (-2)/(-6). Let f be w(v). Suppose 0 = h + 4*a - 6, 3*h + 2*h - f*a = 30. List the prime factors of h.
2, 3
What are the prime factors of (-108)/81 - (-2 + 3403/(-3))?
5, 227
Suppose 2*k = -k + 5*m + 1581, 2*m = -k + 538. List the prime factors of k.
2, 7, 19
Let p = -124 + 216. Suppose -p = 2*z - 4*z. What are the prime factors of z?
2, 23
What are the prime factors of 9/((-54)/10060)*18/(-15)?
2, 503
What are the prime factors of (-1)/((-1)/5560*5)?
2, 139
Let m be (10 + -7)*(-2 - -1). Let z(k) = k**2 + 4*k + 3. Let x be z(m). Suppose x*p = 2*p - 36. List the prime factors of p.
2, 3
Let q be 1 + ((-2)/6 - 0)*-3. Suppose -8*u = q*u - 1810. List the prime factors of u.
181
Let d = 66 + -25. Suppose -d = -23*g + 22*g. List the prime factors of g.
41
Let m = 12 - 8. Suppose -5*h + 2*a = -185, -46 = -2*h + m*a + 12. List the prime factors of h.
3, 13
Let r be (-3 + 99/27)*-156. Let x(f) = 22*f**2 - 3*f - 4. Let c be x(3). Let u = c + r. List the prime factors of u.
3
Let o = 7 + 41. Suppose -2*w = -3*t - o, -2*t - t - 57 = -5*w. What are the prime factors of t/(-1) + (-16)/(-4)?
2, 3
Let w = -6 - -16. Let z be ((-4)/w)/(9/225). What are the prime factors of -4 - (-4 - 3) - z?
13
What are the prime factors of ((-2121)/(-7)*2)/1?
2, 3, 101
Suppose -s = -6*s + 65. Let g be (16/10)/(2/(-10)). Let v = s - g. List the prime factors of v.
3, 7
Let s be (4/(-4))/((-2)/22). Suppose -2*o - 5*b + 40 = 0, -s = -o + 4*b - 2*b. Suppose -3*v + 0*m + o = m, 10 = 2*v - 3*m. What are the prime factors of v?
5
Suppose 12816 = 2992*u - 2989*u. What are the prime factors of u?
2, 3, 89
Suppose 0 = -5*k + 5*o + 1985, 8*k - 391 = 7*k - 2*o. List the prime factors of k.
5, 79
Suppose -12 = -3*i, -6*i = 5*b - 5*i - 3939. What are the prime factors of b?
787
Suppose -4*g + 7*g + 4*c - 6884 = 0, -c + 11445 = 5*g. What are the prime factors of g?
2, 11, 13
Let u = -684 + 1392. What are the prime factors of u?
2, 3, 59
Suppose -41*j + 32*j = -8055. What are the prime factors of j?
5, 179
Suppose -7 + 64 = 19*u. Suppose 3*o = u*f - 0*o - 606, -3*o + 836 = 4*f. What are the prime factors of f?
2, 103
Let j = -563 - -1553. List the prime factors of j.
2, 3, 5, 11
Suppose -4 = 2*c + 4*a, a - 3 = -2*a. List the prime factors of c/(16/12) - -126.
3, 41
Let g = -35 + 41. Let s = g - -32. List the prime factors of s.
2, 19
Let x be -1 + 0 + -14 + 1. Suppose 70 = 16*p - 618. Let v = p + x. What are the prime factors of v?
29
Suppose -v = -10 + 5. Suppose -v = 3*u - 11. Suppose -3*o = 2*o - 5*s - 195, u*o - 79 = 3*s. List the prime factors of o.
2, 19
Suppose z - 2 = 1. Suppose 0 = 4*g - z*y - 1258 - 7, -2*g = 5*y - 613. What are the prime factors of g?
2, 157
Let l = 1032 + -325. Let t be (-2)/10 + l/35. Suppose 4*m = n + t, 6*m - 4*m - n = 10. What are the prime factors of m?
5
Let p = 2658 - 1261. What are the prime factors of p?
11, 127
Let b = -25 - -28. Suppose 0 = -b*l - 49 + 502. What are the prime factors of l?
151
What are the prime factors of (-1 + -3 + -6)*-28?
2, 5, 7
Let v = 271 + -383. Let f be (-2)/6*(-2 + v). List the prime factors of 1/(2/f)*1.
19
List the prime factors of (1 - 0) + (-2310)/(-3).
3, 257
Let v be (40/(-12))/((-2)/(-12)*-4). Suppose 0 = p - 5*t - 17, -67 - 4 = -3*p - v*t. What are the prime factors of p?
2, 11
Suppose -9*s = 2*s - 18799. List the prime factors of s.
1709
Let v(t) be the first derivative of -2*t + 5/2*t**2 - 1/3*t**3 + 3. List the prime factors of v(4).
2
Let f be 1*(1 - 2) - -3. Let k = 57 + -65. Let i = f - k. What are the prime factors of i?
2, 5
Let v(j) = -24*j**3 + 4*j**2 - 7. Let g be v(-3). Suppose 593 = 5*s - g. List the prime factors of s.
2, 127
Suppose -5*y + 229 + 171 = 0. What are the prime factors of y?
2, 5
Let i(a) = -a**3 - 9*a**2 - 7*a + 6. Let b be i(-8). List the prime factors of -3*b*(2 + 5).
2, 3, 7
Let r(x) = -3*x + 151. List the prime factors of r(-9).
2, 89
Let k = 6 - -4. What are the prime factors of 5/k*4 - -124?
2, 3, 7
Let w(o) = -11*o**3 + 3*o**2 - 13*o - 57. What are the prime factors of w(-5)?
2, 3
Let x = -40 - -58. Suppose 0 = 3*o + 12 - x. Suppose -3*h + 128 = -2*w, 2*w + 48 = -o*h + 3*h. What are the prime factors of h?
2, 5
Let f = 75 + -71. Suppose f*r - 295 = -5*b, 3*r - 3*b - 23 = 178. What are the prime factors of r?
2, 5, 7
Let k be (-16)/(-4) - (1 - -2). Let o(z) = 13*z + 3. Let b be o(k). What are the prime factors of (-4)/(b/12) - -26?
23
Let a be 5/(2/42*3). Let r be 4/(-14) - (-395)/a. Let i = 15 - r. List the prime factors of i.
2
Let r(c) = 24*c**2 - 29*c + 128. List the prime factors of r(6).
2, 409
Suppose -2*i = -4*d - 26, 3 - 20 = -i + d. Suppose 8*t = 2*j + 3*t - i, 5*j - t = 87. Let h = j - -17. What are the prime factors of h?
5, 7
Suppose -2 - 4 